 h be (0 - 14385/(-27)) + (-10)/(-45). Let i = h - 164. What is the tens digit of i?
6
Suppose 0 = f - 2*f - 4, 0 = 4*g + 3*f - 16. Suppose 5*n = 2*h - 17, -2*n - g = -3*h + 2. What is the tens digit of 49 - h*(2 - -2)?
4
Let z be (12/(-8))/((-2)/496). Suppose -8*w + 9*w = -264. Let v = w + z. What is the units digit of v?
8
Suppose 8 = -4*n - 4*w, 0*w + 8 = -2*n - 3*w. Suppose 3*h = -n*h - h. Suppose -3*t + 99 = -3*l + 618, -2*l - 2*t + 326 = h. What is the tens digit of l?
6
Let h = 117105 - 48318. What is the hundreds digit of h?
7
Let h(i) be the third derivative of 0*i - 4*i**3 + 1/30*i**5 + 0 - 5/8*i**4 + 46*i**2. What is the hundreds digit of h(13)?
1
Let r(z) = 9 - 2 - 6*z + 33*z**2 + 5*z**2. Let v be r(3). Suppose -v = -5*l + 2*u + 289, 0 = l - 2*u - 132. What is the hundreds digit of l?
1
Suppose -5*h - 4*c + 166873 = 47523, 4*h - 5*c = 95439. What is the tens digit of h?
6
Let m be (2 + (-15)/10)*270. Suppose 5*c - 5*k - 15 - 40 = 0, 3*c - k = 31. Suppose m = c*i - 155. What is the tens digit of i?
2
Let p(d) = -12*d - 5. Let c(g) = -2*g**2 + 11*g + 6. Let k(m) = -5*c(m) - 6*p(m). What is the hundreds digit of k(-7)?
3
Let h be 96 - (-2 - (-2 - (-8)/4)). What is the units digit of (h - (-3 - 2) - 2) + -4?
7
Suppose 23*j - 20*j - 537 = 0. Suppose -b + 2*b - j = 4*w, -4*w = -2*b + 362. Let c = 387 - b. What is the tens digit of c?
0
Suppose 0 = g + 5*l - 7639, -6*g + 3*l + 15291 = -4*g. What is the tens digit of g?
4
Let g(d) = -d**2 + 13*d + 99. Let w be g(31). Let i = w - -793. What is the tens digit of i?
3
What is the thousands digit of ((-18495)/(-3) + 3 + 0)/((-1)/(-1))?
6
Suppose 4607943 = 432*t + 343209 + 841134. What is the units digit of t?
5
Let j(c) = 4*c + 82. Let l be j(-31). What is the hundreds digit of ((-1400)/l)/((-2)/(1 - 25))?
4
Let l(u) = -26*u**3 - 1 - u - 31*u**3 + 58*u**3. Let h(i) = 9*i**3 - 4*i**2 - 8*i. Let o(r) = -h(r) + 2*l(r). What is the tens digit of o(-2)?
5
Suppose -n - 5 = 2*f - 3, -f - 2 = 0. Suppose -8*p + n*p - 120 = 0. Let b(z) = -7*z - 4. What is the units digit of b(p)?
6
Let t = -313 - -559. Suppose 4*d + 206 = t. What is the tens digit of d?
1
Let k(j) = 135*j - 277. Let y be k(6). Let h = y - 92. What is the hundreds digit of h?
4
Let v(m) = -2*m**3 - 4*m**2 + 5*m + 5. Suppose -5*a + 4*s - 216 = 0, 0*s = 5*a + 5*s + 180. Let j be (6/(-4))/((-15)/a). What is the tens digit of v(j)?
4
Let b(c) = 4*c**2 - 85*c + 19292. What is the ten thousands digit of b(0)?
1
Suppose 0 = -2*g + 4 + 10. Suppose -g*v = -735 + 168. What is the units digit of v?
1
Let v(z) = 2*z + 15. Let b be v(-14). Let f = b - -23. Suppose 3*q = f*q - 413. What is the units digit of q?
9
Suppose 0 = -497*p + 502*p - 5930. What is the units digit of p?
6
Suppose -q + 0*q = 10*q. Suppose -8*i - 305 + 2737 = q. What is the units digit of i?
4
Let j(b) = -11*b + 5. Let m be j(-23). Let r = m - 193. What is the units digit of r?
5
Suppose 7*w - 2*w - 2*d - 125 = 0, -w + 25 = -4*d. Suppose -30 = -q - 4*j, -w = -2*q - 2*j + j. What is the tens digit of q?
1
Let j(n) = 243*n**2 + 29*n - 58. What is the hundreds digit of j(-10)?
9
Suppose -185*r - 1680 = -190*r. Suppose w + 211 = r. What is the tens digit of w?
2
Let v be 1 + 1 + -2 - 27. What is the hundreds digit of (6 - -139)*v/(-15)?
2
Let w = -3218 + 11875. What is the units digit of w?
7
Suppose -8*y = -y - 21. Suppose -3*r = y*i - 0*r - 42, 2*r = 0. What is the units digit of i?
4
Suppose 0 = 169*g - 164*g + 3*c - 28095, -c = -2*g + 11249. What is the thousands digit of g?
5
Let r(a) = a**3 - 9*a**2 - 35*a - 10. Let t be r(12). Suppose -4*d + 429 = 2*y - 1509, -1929 = -t*y + 5*d. What is the tens digit of y?
6
Let r = -7 - -10. Suppose -4*c = 3*y - 2 - 6, r*y = 0. Suppose 4*k + c*b = 7*k - 134, -4*k - 4*b = -152. What is the units digit of k?
2
Suppose 5*x = 172*v - 170*v + 29626, -11836 = -2*x - v. What is the thousands digit of x?
5
What is the thousands digit of (1 - 4817)*(966/(-28) + 12)/6?
8
What is the tens digit of 10280/32*(270/6 + -1)?
3
Suppose 3*i - 6*i - 293622 = -5*c, 293598 = 5*c + 3*i. What is the units digit of c?
2
Let d(u) = 256*u + 29. Suppose -48*x + 41*x = -42. What is the units digit of d(x)?
5
Suppose 25*k = 24*k + 2. Suppose 2*a = -k*a - 4, 4*a = -g + 150. What is the hundreds digit of g?
1
Suppose 3*u + 1 = -s, 0*s - 2 = -u + 2*s. Suppose -k + 36 = q - 51, q + 4 = u. What is the units digit of k?
1
Let v = 42 - 6. Suppose -668 = -38*r + v*r. What is the hundreds digit of r?
3
Let r be ((-72)/6)/4 + -12. What is the tens digit of ((-152)/(-6))/((-1)/r)?
8
Let y = 45 + -21. Suppose -j = -4*t + 237, -4*j = y - 4. Suppose 5*w + 0*w - 2*r - 121 = 0, -4*r = 2*w - t. What is the tens digit of w?
2
Suppose 0 = 5*t + 2*x + 23, -4*t - 3*x + 5*x - 4 = 0. What is the units digit of ((-710)/4)/((-5)/(13 + t))?
5
What is the hundreds digit of (-60)/(-45) + (-2)/(-3) + 5516?
5
Let r(j) = 471*j - 112. What is the thousands digit of r(10)?
4
Suppose -6*q + 22 = 5*q. Suppose -5*s = -0*h - 2*h + 823, 2*s - 858 = -q*h. Suppose 428 + h = 6*a. What is the tens digit of a?
4
Suppose 0 = 8*x - 16. Suppose w = 2*a - 6, -5*a + 3 = -x*w - 13. Suppose a*y - 5*g = 595, y - g = g + 148. What is the units digit of y?
0
Suppose 1560 = -10*d - 1600. Let f = -463 - d. Let h = 66 - f. What is the units digit of h?
3
Suppose 5*o - 5104 = 21376. What is the hundreds digit of o?
2
Suppose -518966 = -79*l + 1134583. What is the units digit of l?
1
Suppose 0 = 3*n + 4*v - 13 - 49, -4*n + 2*v = -90. Suppose 0*z - n*z = -16632. What is the tens digit of z?
5
Let a = 17 + -17. Let g be (-18908)/(-36) + 4/(-18). Suppose a*r = -5*r + g. What is the tens digit of r?
0
Suppose -296*j = 5*i - 291*j - 20935, 0 = -3*i - 2*j + 12562. What is the thousands digit of i?
4
Let o = 58417 - 20463. What is the units digit of o?
4
Let t be 3 + 42/(-12) - (-227)/2. Suppose 107*a = t*a - 6246. What is the hundreds digit of a?
0
Let k(b) = 3*b + 288. Let c be k(22). Suppose c = -19*v + 22*v. What is the tens digit of v?
1
Let i(p) = -5*p + 1. Let u be i(2). Let x be (-83)/(-2) - u/6. Suppose -w + x = -68. What is the tens digit of w?
1
Let l(t) = 35*t**2 + 2*t + 1. Suppose -22 = a + 4*o + 3, -o - 87 = 5*a. Let h = -19 - a. What is the tens digit of l(h)?
3
Suppose -2*r + 5*r = 1404. Let o = r + -271. Suppose -5*q + o + 138 = 2*z, 0 = -q + 2*z + 55. What is the units digit of q?
5
Let m = -36 - -40. Let p be m*1*(4 - (-14)/(-4)). Suppose c - 6*c + 117 = -3*z, p*c - 51 = -3*z. What is the tens digit of c?
2
Let q be (7/((-7)/18))/(8/(-12)). Suppose 14*t - q*t + 4043 = 0. What is the units digit of t?
1
Suppose -39*x + 12*x + 10*x = -240023. What is the hundreds digit of x?
1
What is the hundreds digit of (-2890)/(-15)*(18 - (-1 - 5/(-2)))?
1
Suppose -6*p + 7*p = 11. Let u(h) = 158*h + 111. Let w(m) = -32*m - 22. Let x(i) = p*w(i) + 2*u(i). What is the tens digit of x(-2)?
5
Let r(n) = -6*n + 74. Let c be r(12). What is the units digit of (40/(-24) + 1)/(c/(-204))?
8
Let n be (10/(-15))/((-2)/327). Let f = n - -16. What is the hundreds digit of f?
1
Let n be (9 - 6)*-1*(-1)/(-3). What is the tens digit of 519 + 22 + 1*n?
4
Suppose -45*a - 65*a + 854625 = 15*a. What is the units digit of a?
7
Suppose 19 + 8 = 9*x. Suppose 3*l - 4*l + 5*z = -241, -x*l = 2*z - 808. What is the units digit of l?
6
Suppose -3*l = -5*o + 45, 4*o - 19 = 2*o + l. Let h(b) = -15*b + 15*b + 12*b + o*b + 14. What is the hundreds digit of h(4)?
1
Let a(n) = 4*n**3 + 5*n**2 - n. Let b be a(6). Let i = b + -512. What is the units digit of i?
6
Suppose -18*h + 5*h + 4654 = 0. Suppose 4*s - 16 = -0*s. Suppose 0*r + 2*r = s*n - h, -4*r - 93 = -n. What is the units digit of n?
9
Suppose 0 = 4*k + 5*u - 56, -u + 44 = 4*k - 12. What is the units digit of -3 - k/((-14)/345)?
2
Let m = -5427 + 20939. What is the units digit of m?
2
What is the hundreds digit of -6 - -92*((-14)/(-14))/(1/2)?
1
Let o(g) = -6*g**3 - 10*g**2 - 11*g - 7. Let w be o(-3). Let p be 344/6 + (-2)/(-3). Let l = w - p. What is the tens digit of l?
4
Let p = 20795 - 12065. What is the hundreds digit of p?
7
Suppose -70*j = -72*j + 62608. What is the hundreds digit of j?
3
Let r be (2/6)/((-19)/171). Let a = r + 20. Suppose 0 = a*m - 12*m - 705. What is the units digit of m?
1
Le